CRAN Package Check Results for Package HiveR

Last updated on 2017-09-23 08:48:24.

Flavor Version Tinstall Tcheck Ttotal Status Flags
r-devel-linux-x86_64-debian-clang 0.3.42 5.76 147.84 153.60 OK
r-devel-linux-x86_64-debian-gcc 0.3.42 5.45 146.54 152.00 OK
r-devel-linux-x86_64-fedora-clang 0.3.42 300.42 OK
r-devel-linux-x86_64-fedora-gcc 0.3.42 277.09 OK
r-devel-windows-ix86+x86_64 0.3.42 11.00 223.00 234.00 OK
r-patched-linux-x86_64 0.3.42 6.16 145.03 151.19 OK
r-patched-solaris-x86 0.3.42 345.50 OK
r-release-linux-x86_64 0.3.42 5.97 141.97 147.94 OK
r-release-windows-ix86+x86_64 0.3.42 11.00 208.00 219.00 OK
r-release-osx-x86_64 0.3.42 WARN
r-oldrel-windows-ix86+x86_64 0.3.42 11.00 193.00 204.00 OK
r-oldrel-osx-x86_64 0.3.42 OK

Check Details

Version: 0.3.42
Check: re-building of vignette outputs
Result: WARN
    Error in re-building vignettes:
     ...
    Warning: running command 'kpsewhich framed.sty' had status 1
    Warning in test_latex_pkg("framed", system.file("misc", "framed.sty", package = "knitr")) :
     unable to find LaTeX package 'framed'; will use a copy from knitr
    Error in texi2dvi(file = file, pdf = TRUE, clean = clean, quiet = quiet, :
     Running 'texi2dvi' on 'HiveR.tex' failed.
    LaTeX errors:
    ! LaTeX Error: File `tufte-handout.cls' not found.
    
    Type X to quit or <RETURN> to proceed,
    or enter new name. (Default extension: cls)
    
    ! Emergency stop.
    <read *>
    
    l.9 \documentclass{tufte-handout}\usepackage
     []{graphicx}\usepackage[]{color}^^M
    ! ==> Fatal error occurred, no output PDF file produced!
    Calls: buildVignettes -> texi2pdf -> texi2dvi
    Execution halted
Flavor: r-release-osx-x86_64