CRAN Package Check Results for Package Rz

Last updated on 2015-05-24 08:48:42.

Flavor Version Tinstall Tcheck Ttotal Status Flags
r-devel-linux-x86_64-debian-clang 0.9-1 7.37 72.98 80.35 NOTE
r-devel-linux-x86_64-debian-gcc 0.9-1 7.85 68.42 76.26 NOTE
r-devel-linux-x86_64-fedora-clang 0.9-1 158.82 NOTE
r-devel-linux-x86_64-fedora-gcc 0.9-1 151.68 NOTE
r-devel-osx-x86_64-clang 0.9-1 133.49 NOTE
r-devel-windows-ix86+x86_64 0.9-1 21.00 105.00 126.00 NOTE
r-patched-linux-x86_64 0.9-1 7.32 70.77 78.08 NOTE
r-patched-solaris-sparc 0.9-1 951.90 NOTE
r-patched-solaris-x86 0.9-1 215.80 NOTE
r-release-linux-x86_64 0.9-1 7.17 71.08 78.25 NOTE
r-release-osx-x86_64-mavericks 0.9-1 NOTE
r-release-osx-x86_64-snowleopard 0.9-1 ERROR
r-release-windows-ix86+x86_64 0.9-1 23.00 98.00 121.00 NOTE
r-oldrel-windows-ix86+x86_64 0.9-1 33.00 134.00 167.00 WARN

Check Details

Version: 0.9-1
Check: dependencies in R code
Result: NOTE
    'library' or 'require' call to ‘vcd’ in package code.
     Please use :: or requireNamespace() instead.
     See section 'Suggested packages' in the 'Writing R Extensions' manual.
    Packages in Depends field not imported from:
     ‘foreign’ ‘ggplot2’ ‘grid’ ‘psych’
     These packages need to be imported from (in the NAMESPACE file)
     for when this namespace is loaded but not attached.
    Unexported object imported by a ':::' call: ‘foreign:::adQuote’
     See the note in ?`:::` about the use of this operator.
Flavors: r-devel-linux-x86_64-debian-clang, r-devel-linux-x86_64-debian-gcc, r-devel-linux-x86_64-fedora-clang, r-devel-linux-x86_64-fedora-gcc, r-devel-osx-x86_64-clang, r-devel-windows-ix86+x86_64, r-patched-linux-x86_64, r-patched-solaris-sparc, r-patched-solaris-x86, r-release-linux-x86_64, r-release-osx-x86_64-mavericks, r-release-windows-ix86+x86_64, r-oldrel-windows-ix86+x86_64

Version: 0.9-1
Check: S3 generic/method consistency
Result: NOTE
    Found the following apparent S3 methods exported but not registered:
     summary.CrossTable
    See section ‘Registering S3 methods’ in the ‘Writing R Extensions’
    manual.
Flavors: r-devel-linux-x86_64-debian-clang, r-devel-linux-x86_64-debian-gcc, r-devel-linux-x86_64-fedora-clang, r-devel-linux-x86_64-fedora-gcc, r-devel-osx-x86_64-clang, r-patched-linux-x86_64, r-patched-solaris-sparc, r-patched-solaris-x86, r-release-linux-x86_64

Version: 0.9-1
Check: R code for possible problems
Result: NOTE
    gtkFileChooserDialogFilteredActivate: no visible binding for global
     variable ‘theme_grey’
    summary.CrossTable: no visible global function definition for
     ‘assocstats’
Flavors: r-devel-linux-x86_64-debian-clang, r-devel-linux-x86_64-debian-gcc, r-devel-linux-x86_64-fedora-clang, r-devel-linux-x86_64-fedora-gcc, r-devel-osx-x86_64-clang, r-devel-windows-ix86+x86_64, r-patched-linux-x86_64, r-patched-solaris-sparc, r-patched-solaris-x86, r-release-linux-x86_64, r-release-osx-x86_64-mavericks, r-release-windows-ix86+x86_64, r-oldrel-windows-ix86+x86_64

Version: 0.9-1
Check: package dependencies
Result: ERROR
    Package required but not available: ‘ggplot2’
    
    Packages suggested but not available for checking: ‘quantreg’ ‘Hmisc’
    
    See section ‘The DESCRIPTION file’ in the ‘Writing R Extensions’
    manual.
Flavor: r-release-osx-x86_64-snowleopard

Version: 0.9-1
Check: whether package can be installed
Result: WARN
    Found the following significant warnings:
     Warning: S3 methods 'anova.merMod', 'as.data.frame.boot', 'as.data.frame.thpr', 'as.data.frame.VarCorr.merMod', 'as.function.merMod', 'coef.lmList', 'coef.merMod', 'confint.lmList', 'confint.merMod', 'confint.thpr', 'densityplot.thpr', 'deviance.merMod', 'df.residual.merMod', 'dotplot.coef.mer', 'dotplot.ranef.mer', 'drop1.merMod', 'extractAIC.merMod', 'family.glmResp', 'family.lmResp', 'family.merMod', 'family.nlsResp', 'fitted.merMod', 'fixef.merMod', 'formula.lmList', 'formula.merMod', 'isGLMM.merMod', 'isLMM.merMod', 'isNLMM.merMod', 'isREML.merMod', 'log.thpr', 'logLik.merMod', 'model.frame.merMod', 'model.matrix.merMod', 'ngrps.factor', 'ngrps.merMod', 'nobs.merMod', 'plot.coef.mer', 'plot.lmList.confint', 'plot.merMod', 'plot.ranef.mer', 'predict.merMod', 'print.merMod', 'print.ranef.mer', 'print.summary.merMod', 'print.VarCorr.merMod', 'profile.merMod', 'qqmath.merMod', 'qqmath.ranef.mer', 'ranef.merMod', 'refit.merMod', 'refitML.merMod', 'residuals.glmResp', 'residuals.lmResp', 'residu [... truncated]
Flavor: r-oldrel-windows-ix86+x86_64