CRAN Package Check Results for Package Rz

Last updated on 2014-08-30 08:50:15.

Flavor Version Tinstall Tcheck Ttotal Status Flags
r-devel-linux-x86_64-debian-clang 0.9-1 8.50 59.06 67.56 NOTE
r-devel-linux-x86_64-debian-gcc 0.9-1 8.50 57.37 65.87 NOTE
r-devel-linux-x86_64-fedora-clang 0.9-1 159.47 NOTE
r-devel-linux-x86_64-fedora-gcc 0.9-1 145.72 NOTE
r-devel-osx-x86_64-clang 0.9-1 117.93 NOTE
r-devel-windows-ix86+x86_64 0.9-1 28.00 80.00 108.00 NOTE
r-patched-linux-x86_64 0.9-1 8.95 63.61 72.56 NOTE
r-patched-solaris-sparc 0.9-1 882.00 NOTE
r-patched-solaris-x86 0.9-1 187.60 NOTE
r-release-linux-ix86 0.9-1 10.62 76.16 86.78 NOTE
r-release-linux-x86_64 0.9-1 10.06 63.52 73.58 NOTE
r-release-osx-x86_64-mavericks 0.9-1 ERROR
r-release-osx-x86_64-snowleopard 0.9-1 NOTE
r-release-windows-ix86+x86_64 0.9-1 25.00 87.00 112.00 NOTE
r-oldrel-windows-ix86+x86_64 0.9-1 26.00 82.00 108.00 NOTE

Check Details

Version: 0.9-1
Check: dependencies in R code
Result: NOTE
    Packages in Depends field not imported from:
     ‘foreign’ ‘ggplot2’ ‘grid’ ‘psych’
     These packages need to be imported from (in the NAMESPACE file)
     for when this namespace is loaded but not attached.
    Unexported object imported by a ':::' call: ‘foreign:::adQuote’
     See the note in ?`:::` about the use of this operator.
    See the information on DESCRIPTION files in the chapter ‘Creating R
    packages’ of the ‘Writing R Extensions’ manual.
Flavors: r-devel-linux-x86_64-debian-clang, r-devel-linux-x86_64-debian-gcc, r-devel-linux-x86_64-fedora-clang, r-devel-linux-x86_64-fedora-gcc, r-devel-osx-x86_64-clang, r-devel-windows-ix86+x86_64, r-patched-linux-x86_64, r-patched-solaris-sparc, r-patched-solaris-x86

Version: 0.9-1
Check: R code for possible problems
Result: NOTE
    gtkFileChooserDialogFilteredActivate: no visible binding for global
     variable ‘theme_grey’
    summary.CrossTable: no visible global function definition for
     ‘assocstats’
Flavors: r-devel-linux-x86_64-debian-clang, r-devel-linux-x86_64-debian-gcc, r-devel-linux-x86_64-fedora-clang, r-devel-linux-x86_64-fedora-gcc, r-devel-osx-x86_64-clang, r-devel-windows-ix86+x86_64

Version: 0.9-1
Check: dependencies in R code
Result: NOTE
    Packages in Depends field not imported from:
     ‘foreign’ ‘ggplot2’ ‘psych’
     These packages need to be imported from (in the NAMESPACE file)
     for when this namespace is loaded but not attached.
    Unexported object imported by a ':::' call: ‘foreign:::adQuote’
     See the note in ?`:::` about the use of this operator.
    See the information on DESCRIPTION files in the chapter ‘Creating R
    packages’ of the ‘Writing R Extensions’ manual.
Flavors: r-release-linux-ix86, r-release-linux-x86_64, r-release-windows-ix86+x86_64, r-oldrel-windows-ix86+x86_64

Version: 0.9-1
Check: package dependencies
Result: ERROR
    Package required but not available: ‘RGtk2’
    
    Package suggested but not available for checking: ‘cairoDevice’
    
    See the information on DESCRIPTION files in the chapter ‘Creating R
    packages’ of the ‘Writing R Extensions’ manual.
Flavor: r-release-osx-x86_64-mavericks

Version: 0.9-1
Check: dependencies in R code
Result: NOTE
    Packages in Depends field not imported from:
     'foreign' 'ggplot2' 'psych'
     These packages need to be imported from for the case when
     this namespace is loaded but not attached.
    Unexported object imported by a ':::' call: 'foreign:::adQuote'
     See the note in ?`:::` about the use of this operator.
    See the information on DESCRIPTION files in the chapter 'Creating R
    packages' of the 'Writing R Extensions' manual.
Flavor: r-release-osx-x86_64-snowleopard