CRAN Package Check Results for Package Rz

Last updated on 2014-11-26 09:48:50.

Flavor Version Tinstall Tcheck Ttotal Status Flags
r-devel-linux-x86_64-debian-clang 0.9-1 8.21 59.81 68.02 NOTE
r-devel-linux-x86_64-debian-gcc 0.9-1 7.96 58.91 66.87 NOTE
r-devel-linux-x86_64-fedora-clang 0.9-1 149.16 NOTE
r-devel-linux-x86_64-fedora-gcc 0.9-1 140.10 NOTE
r-devel-osx-x86_64-clang 0.9-1 122.55 NOTE
r-devel-windows-ix86+x86_64 0.9-1 22.00 85.00 107.00 NOTE
r-patched-linux-x86_64 0.9-1 8.95 61.42 70.37 NOTE
r-patched-solaris-sparc 0.9-1 856.00 NOTE
r-patched-solaris-x86 0.9-1 183.20 NOTE
r-release-linux-ix86 0.9-1 10.33 71.03 81.36 NOTE
r-release-linux-x86_64 0.9-1 9.60 61.41 71.01 NOTE
r-release-osx-x86_64-mavericks 0.9-1 ERROR
r-release-osx-x86_64-snowleopard 0.9-1 NOTE
r-release-windows-ix86+x86_64 0.9-1 25.00 93.00 118.00 NOTE
r-oldrel-windows-ix86+x86_64 0.9-1 25.00 95.00 120.00 NOTE

Check Details

Version: 0.9-1
Check: dependencies in R code
Result: NOTE
    Packages in Depends field not imported from:
     ‘foreign’ ‘ggplot2’ ‘grid’ ‘psych’
     These packages need to be imported from (in the NAMESPACE file)
     for when this namespace is loaded but not attached.
    Unexported object imported by a ':::' call: ‘foreign:::adQuote’
     See the note in ?`:::` about the use of this operator.
    See the information on DESCRIPTION files in the chapter ‘Creating R
    packages’ of the ‘Writing R Extensions’ manual.
Flavors: r-devel-linux-x86_64-debian-clang, r-devel-linux-x86_64-debian-gcc, r-devel-linux-x86_64-fedora-clang, r-devel-linux-x86_64-fedora-gcc, r-devel-osx-x86_64-clang, r-devel-windows-ix86+x86_64, r-patched-linux-x86_64, r-patched-solaris-sparc, r-patched-solaris-x86, r-release-linux-ix86, r-release-linux-x86_64, r-release-windows-ix86+x86_64

Version: 0.9-1
Check: R code for possible problems
Result: NOTE
    gtkFileChooserDialogFilteredActivate: no visible binding for global
     variable ‘theme_grey’
    summary.CrossTable: no visible global function definition for
     ‘assocstats’
Flavors: r-devel-linux-x86_64-debian-clang, r-devel-linux-x86_64-debian-gcc, r-devel-linux-x86_64-fedora-clang, r-devel-linux-x86_64-fedora-gcc, r-devel-osx-x86_64-clang, r-devel-windows-ix86+x86_64, r-patched-linux-x86_64, r-patched-solaris-sparc, r-patched-solaris-x86, r-release-linux-ix86, r-release-linux-x86_64, r-release-windows-ix86+x86_64

Version: 0.9-1
Check: package dependencies
Result: ERROR
    Package required but not available: ‘RGtk2’
    
    Package suggested but not available for checking: ‘cairoDevice’
    
    See the information on DESCRIPTION files in the chapter ‘Creating R
    packages’ of the ‘Writing R Extensions’ manual.
Flavor: r-release-osx-x86_64-mavericks

Version: 0.9-1
Check: dependencies in R code
Result: NOTE
    Packages in Depends field not imported from:
     'foreign' 'ggplot2' 'psych'
     These packages need to be imported from for the case when
     this namespace is loaded but not attached.
    Unexported object imported by a ':::' call: 'foreign:::adQuote'
     See the note in ?`:::` about the use of this operator.
    See the information on DESCRIPTION files in the chapter 'Creating R
    packages' of the 'Writing R Extensions' manual.
Flavor: r-release-osx-x86_64-snowleopard

Version: 0.9-1
Check: dependencies in R code
Result: NOTE
    Packages in Depends field not imported from:
     'foreign' 'ggplot2' 'psych'
     These packages need to be imported from (in the NAMESPACE file)
     for when this namespace is loaded but not attached.
    Unexported object imported by a ':::' call: 'foreign:::adQuote'
     See the note in ?`:::` about the use of this operator.
    See the information on DESCRIPTION files in the chapter 'Creating R
    packages' of the 'Writing R Extensions' manual.
Flavor: r-oldrel-windows-ix86+x86_64