CRAN Package Check Results for Package commonsMath

Last updated on 2019-09-22 12:46:47 CEST.

Flavor Version Tinstall Tcheck Ttotal Status Flags
r-devel-linux-x86_64-debian-clang 1.2.4 1.79 60.62 62.41 OK
r-devel-linux-x86_64-debian-gcc 1.2.4 1.47 46.33 47.80 OK
r-devel-linux-x86_64-fedora-clang 1.2.4 72.28 OK
r-devel-linux-x86_64-fedora-gcc 1.2.4 73.16 OK
r-devel-windows-ix86+x86_64 1.2.4 13.00 77.00 90.00 OK
r-patched-linux-x86_64 1.2.4 1.27 59.16 60.43 OK
r-patched-solaris-x86 1.2.4 41.80 WARN
r-release-linux-x86_64 1.2.4 1.48 58.17 59.65 OK
r-release-windows-ix86+x86_64 1.2.4 11.00 126.00 137.00 OK
r-release-osx-x86_64 1.2.4 OK
r-oldrel-windows-ix86+x86_64 1.2.4 7.00 125.00 132.00 OK
r-oldrel-osx-x86_64 1.2.4 OK

Check Details

Version: 1.2.4
Check: package dependencies
Result: NOTE
    Package suggested but not available for checking: ‘rscala’
Flavor: r-patched-solaris-x86

Version: 1.2.4
Check: re-building of vignette outputs
Result: WARN
    Error(s) in re-building vignettes:
     ...
    --- re-building ‘commonsMath.Rmd’ using rmarkdown
    Warning in engine$weave(file, quiet = quiet, encoding = enc) :
     Pandoc (>= 1.12.3) and/or pandoc-citeproc not available. Falling back to R Markdown v1.
    Quitting from lines 32-37 (commonsMath.Rmd)
    Error: processing vignette 'commonsMath.Rmd' failed with diagnostics:
    there is no package called 'rscala'
    --- failed re-building ‘commonsMath.Rmd’
    
    SUMMARY: processing the following file failed:
     ‘commonsMath.Rmd’
    
    Error: Vignette re-building failed.
    Execution halted
Flavor: r-patched-solaris-x86