CRAN Package Check Results for Package commonsMath

Last updated on 2019-06-25 07:47:09 CEST.

Flavor Version Tinstall Tcheck Ttotal Status Flags
r-devel-linux-x86_64-debian-clang 1.2 1.72 61.31 63.03 OK
r-devel-linux-x86_64-debian-gcc 1.2 1.37 47.67 49.04 OK
r-devel-linux-x86_64-fedora-clang 1.2 75.79 OK
r-devel-linux-x86_64-fedora-gcc 1.2 74.46 OK
r-devel-windows-ix86+x86_64 1.2 7.00 121.00 128.00 OK
r-patched-linux-x86_64 1.2 1.75 59.06 60.81 OK
r-patched-solaris-x86 1.2 41.60 ERROR
r-release-linux-x86_64 1.2 1.74 58.38 60.12 OK
r-release-windows-ix86+x86_64 1.2 4.00 148.00 152.00 OK
r-release-osx-x86_64 1.2 OK
r-oldrel-windows-ix86+x86_64 1.2 3.00 120.00 123.00 OK
r-oldrel-osx-x86_64 1.2 OK

Check Details

Version: 1.2
Check: package dependencies
Result: NOTE
    Package suggested but not available for checking: ‘rscala’
Flavor: r-patched-solaris-x86

Version: 1.2
Check: tests
Result: ERROR
     Running ‘testthat.R’
    Running the tests in ‘tests/testthat.R’ failed.
    Complete output:
     > library(testthat)
     > library(commonsMath)
     >
     > test_check("commonsMath")
     Starting instance. ********************************
     Error in library(rscala) : there is no package called 'rscala'
     Calls: test_check ... source_dir -> lapply -> FUN -> eval -> eval -> library
     Execution halted
Flavor: r-patched-solaris-x86

Version: 1.2
Check: re-building of vignette outputs
Result: WARN
    Error(s) in re-building vignettes:
     ...
    --- re-building ‘commonsMath.Rmd’ using rmarkdown
    Warning in engine$weave(file, quiet = quiet, encoding = enc) :
     The vignette engine knitr::rmarkdown is not available, because the rmarkdown package is not installed. Please install it.
    Quitting from lines 32-37 (commonsMath.Rmd)
    Error: processing vignette 'commonsMath.Rmd' failed with diagnostics:
    there is no package called 'rscala'
    --- failed re-building ‘commonsMath.Rmd’
    
    SUMMARY: processing the following file failed:
     ‘commonsMath.Rmd’
    
    Error: Vignette re-building failed.
    Execution halted
Flavor: r-patched-solaris-x86