CRAN Package Check Results for Package corpus

Last updated on 2019-06-25 07:47:10 CEST.

Flavor Version Tinstall Tcheck Ttotal Status Flags
r-devel-linux-x86_64-debian-clang 0.10.0 25.30 53.40 78.70 OK
r-devel-linux-x86_64-debian-gcc 0.10.0 18.44 42.15 60.59 OK
r-devel-linux-x86_64-fedora-clang 0.10.0 94.02 NOTE
r-devel-linux-x86_64-fedora-gcc 0.10.0 92.26 NOTE
r-devel-windows-ix86+x86_64 0.10.0 147.00 86.00 233.00 OK
r-patched-linux-x86_64 0.10.0 21.42 53.46 74.88 OK
r-patched-solaris-x86 0.10.0 133.20 WARN
r-release-linux-x86_64 0.10.0 21.23 53.97 75.20 OK
r-release-windows-ix86+x86_64 0.10.0 100.00 111.00 211.00 OK
r-release-osx-x86_64 0.10.0 NOTE
r-oldrel-windows-ix86+x86_64 0.10.0 94.00 82.00 176.00 OK
r-oldrel-osx-x86_64 0.10.0 NOTE

Check Details

Version: 0.10.0
Check: data for non-ASCII characters
Result: NOTE
     Note: found 578 marked UTF-8 strings
Flavors: r-devel-linux-x86_64-fedora-clang, r-devel-linux-x86_64-fedora-gcc, r-patched-solaris-x86, r-release-osx-x86_64, r-oldrel-osx-x86_64

Version: 0.10.0
Check: for unstated dependencies in ‘tests’
Result: WARN
    Warning in deparse(e[[2L]]) :
     it is not known that wchar_t is Unicode on this platform
    Warning in deparse(e[[2L]]) :
     it is not known that wchar_t is Unicode on this platform
    Warning in deparse(e[[2L]]) :
     it is not known that wchar_t is Unicode on this platform
    Warning in deparse(e[[2L]]) :
     it is not known that wchar_t is Unicode on this platform
    Warning in deparse(e[[2L]]) :
     it is not known that wchar_t is Unicode on this platform
    Warning in deparse(e[[2L]]) :
     it is not known that wchar_t is Unicode on this platform
Flavor: r-patched-solaris-x86