CRAN Package Check Results for Package genius

Last updated on 2019-09-22 12:46:51 CEST.

Flavor Version Tinstall Tcheck Ttotal Status Flags
r-devel-linux-x86_64-debian-clang 2.2.0 8.93 66.37 75.30 OK
r-devel-linux-x86_64-debian-gcc 2.2.0 7.23 50.69 57.92 OK
r-devel-linux-x86_64-fedora-clang 2.2.0 89.41 OK
r-devel-linux-x86_64-fedora-gcc 2.2.0 88.40 OK
r-devel-windows-ix86+x86_64 2.2.0 34.00 122.00 156.00 WARN
r-patched-linux-x86_64 2.2.0 8.49 62.27 70.76 OK
r-patched-solaris-x86 2.2.0 131.70 OK
r-release-linux-x86_64 2.2.0 7.93 62.85 70.78 OK
r-release-windows-ix86+x86_64 2.2.0 17.00 88.00 105.00 OK
r-release-osx-x86_64 2.2.0 OK
r-oldrel-windows-ix86+x86_64 2.2.0 9.00 81.00 90.00 OK
r-oldrel-osx-x86_64 2.2.0 OK

Check Details

Version: 2.2.0
Check: R files for syntax errors
Result: WARN
    Warnings in file 'R/utils.R':
     unable to translate '<U+00E9>' to native encoding
     unable to translate '<U+00F6>' to native encoding
     unable to translate '<U+00F8>' to native encoding
     unable to translate '<U+2019>' to native encoding
Flavor: r-devel-windows-ix86+x86_64