CRAN Package Check Results for Package slowraker

Last updated on 2019-09-22 12:47:02 CEST.

Flavor Version Tinstall Tcheck Ttotal Status Flags
r-devel-linux-x86_64-debian-clang 0.1.1 1.78 84.73 86.51 OK
r-devel-linux-x86_64-debian-gcc 0.1.1 1.31 70.71 72.02 OK
r-devel-linux-x86_64-fedora-clang 0.1.1 114.21 NOTE
r-devel-linux-x86_64-fedora-gcc 0.1.1 98.66 NOTE
r-devel-windows-ix86+x86_64 0.1.1 10.00 63.00 73.00 OK
r-patched-linux-x86_64 0.1.1 1.64 86.63 88.27 OK
r-patched-solaris-x86 0.1.1 116.10 NOTE
r-release-linux-x86_64 0.1.1 1.66 84.22 85.88 OK
r-release-windows-ix86+x86_64 0.1.1 4.00 63.00 67.00 OK
r-release-osx-x86_64 0.1.1 NOTE
r-oldrel-windows-ix86+x86_64 0.1.1 3.00 63.00 66.00 OK
r-oldrel-osx-x86_64 0.1.1 NOTE

Check Details

Version: 0.1.1
Check: data for non-ASCII characters
Result: NOTE
     Note: found 2 marked Latin-1 strings
Flavors: r-devel-linux-x86_64-fedora-clang, r-devel-linux-x86_64-fedora-gcc, r-patched-solaris-x86, r-release-osx-x86_64, r-oldrel-osx-x86_64