CRAN Package Check Results for Package slowraker

Last updated on 2019-06-25 07:47:33 CEST.

Flavor Version Tinstall Tcheck Ttotal Status Flags
r-devel-linux-x86_64-debian-clang 0.1.1 1.71 86.67 88.38 OK
r-devel-linux-x86_64-debian-gcc 0.1.1 1.45 71.68 73.13 OK
r-devel-linux-x86_64-fedora-clang 0.1.1 111.27 NOTE
r-devel-linux-x86_64-fedora-gcc 0.1.1 112.38 NOTE
r-devel-windows-ix86+x86_64 0.1.1 7.00 65.00 72.00 OK
r-patched-linux-x86_64 0.1.1 1.78 84.95 86.73 OK
r-patched-solaris-x86 0.1.1 120.70 NOTE
r-release-linux-x86_64 0.1.1 1.68 87.14 88.82 OK
r-release-windows-ix86+x86_64 0.1.1 5.00 78.00 83.00 OK
r-release-osx-x86_64 0.1.1 NOTE
r-oldrel-windows-ix86+x86_64 0.1.1 2.00 60.00 62.00 OK
r-oldrel-osx-x86_64 0.1.1 NOTE

Check Details

Version: 0.1.1
Check: data for non-ASCII characters
Result: NOTE
     Note: found 2 marked Latin-1 strings
Flavors: r-devel-linux-x86_64-fedora-clang, r-devel-linux-x86_64-fedora-gcc, r-patched-solaris-x86, r-release-osx-x86_64, r-oldrel-osx-x86_64