CRAN Package Check Results for Package takos

Last updated on 2019-06-25 07:47:35 CEST.

Flavor Version Tinstall Tcheck Ttotal Status Flags
r-devel-linux-x86_64-debian-clang 0.1.0 6.14 53.96 60.10 OK
r-devel-linux-x86_64-debian-gcc 0.1.0 5.02 41.38 46.40 OK
r-devel-linux-x86_64-fedora-clang 0.1.0 68.45 NOTE
r-devel-linux-x86_64-fedora-gcc 0.1.0 64.60 NOTE
r-devel-windows-ix86+x86_64 0.1.0 21.00 70.00 91.00 OK
r-patched-linux-x86_64 0.1.0 6.30 52.77 59.07 OK
r-patched-solaris-x86 0.1.0 104.80 NOTE
r-release-linux-x86_64 0.1.0 5.56 51.94 57.50 OK
r-release-windows-ix86+x86_64 0.1.0 11.00 75.00 86.00 OK
r-release-osx-x86_64 0.1.0 NOTE
r-oldrel-windows-ix86+x86_64 0.1.0 9.00 61.00 70.00 OK
r-oldrel-osx-x86_64 0.1.0 NOTE

Check Details

Version: 0.1.0
Check: dependencies in R code
Result: NOTE
    Namespaces in Imports field not imported from:
     ‘MASS’ ‘devEMF’ ‘segmented’ ‘smoother’ ‘tools’
     All declared Imports should be used.
Flavors: r-devel-linux-x86_64-fedora-clang, r-devel-linux-x86_64-fedora-gcc, r-patched-solaris-x86, r-release-osx-x86_64, r-oldrel-osx-x86_64